{"id":65,"date":"2021-01-20T07:37:07","date_gmt":"2021-01-20T07:37:07","guid":{"rendered":"https:\/\/xn--mikelokiena-8db.com\/?page_id=65"},"modified":"2021-01-20T08:43:24","modified_gmt":"2021-01-20T08:43:24","slug":"curriculum","status":"publish","type":"page","link":"https:\/\/xn--mikelokiena-8db.com\/eus\/curriculum\/","title":{"rendered":"Curriculum"},"content":{"rendered":"<div class=\"wpb-content-wrapper\"><div class=\"vc_row wpb_row vc_row-fluid\"><div class=\"wpb_column vc_column_container vc_col-sm-12\"><div class=\"vc_column-inner\"><div class=\"wpb_wrapper\">\n\t<div class=\"wpb_text_column wpb_content_element\" >\n\t\t<div class=\"wpb_wrapper\">\n\t\t\t<p class=\"p1\">MIKEL OKI\u00d1ENA ETXEBERRIA [1973]<\/p>\n<p class=\"p1\">Etxaleku, Valle Imotz, Navarra<\/p>\n<p class=\"p4\">&#8211; Teolog\u00eda (CRETA Zaragoza y CESET Pamplona).<\/p>\n<p class=\"p4\">&#8211; Ciclo Superior T\u00e9cnicas Aplicadas a la Escultura en la Escuela de Arte de Pamplona.<\/p>\n<p class=\"p4\">&#8211; Bellas Artes en la Universidad del Pa\u00eds Vasco (Leioa).<\/p>\n<p class=\"p4\">&#8211; Otros estudios sin terminar: cursos de doctorado en Bellas Artes e H\u00aa del Arte, \u00e9ste \u00faltimo por la uned.<\/p>\n\n\t\t<\/div>\n\t<\/div>\n\n\t<div  class=\"wpb_single_image wpb_content_element vc_align_left   imgcurr\">\n\t\t\n\t\t<figure class=\"wpb_wrapper vc_figure\">\n\t\t\t<div class=\"vc_single_image-wrapper   vc_box_border_grey\"><img loading=\"lazy\" decoding=\"async\" width=\"1920\" height=\"1280\" src=\"https:\/\/xn--mikelokiena-8db.com\/wp-content\/uploads\/2021\/01\/IMG_5561.jpg\" class=\"vc_single_image-img attachment-full\" alt=\"\" title=\"IMG_5561\" srcset=\"https:\/\/xn--mikelokiena-8db.com\/wp-content\/uploads\/2021\/01\/IMG_5561.jpg 1920w, https:\/\/xn--mikelokiena-8db.com\/wp-content\/uploads\/2021\/01\/IMG_5561-300x200.jpg 300w, https:\/\/xn--mikelokiena-8db.com\/wp-content\/uploads\/2021\/01\/IMG_5561-1024x683.jpg 1024w, https:\/\/xn--mikelokiena-8db.com\/wp-content\/uploads\/2021\/01\/IMG_5561-768x512.jpg 768w, https:\/\/xn--mikelokiena-8db.com\/wp-content\/uploads\/2021\/01\/IMG_5561-1536x1024.jpg 1536w, https:\/\/xn--mikelokiena-8db.com\/wp-content\/uploads\/2021\/01\/IMG_5561-16x12.jpg 16w\" sizes=\"auto, (max-width: 1920px) 100vw, 1920px\" \/><\/div>\n\t\t<\/figure>\n\t<\/div>\n\n\t<div class=\"wpb_text_column wpb_content_element\" >\n\t\t<div class=\"wpb_wrapper\">\n\t\t\t<p>DISTINCIONES COMO ARTISTA:<\/p>\n<p class=\"p6\">&#8211; Primer Premio en &#8220;Fernando Qui\u00f1ones de Escultura&#8221; C\u00e1diz 2000.<br \/>\n&#8211; Menci\u00f3n Especial en &#8220;Pamplona J\u00f3venes Artistas 2000&#8221;.<br \/>\n&#8211; Premio Manzana de Bronce en la &#8220;Bienal Internacional de Escultura Rinc\u00f3n de Ademuz&#8221;Valencia 2001.<br \/>\n&#8211; Segundo Premio en &#8220;Bellas Artes Coronado de Escultura&#8221; Madrid 2001.<br \/>\n&#8211; Premio Ayuda a la Creaci\u00f3n del Gobierno de Navarra 2001.<br \/>\n&#8211; Tercer Premio en la &#8221; Bienal Internacional de Escultura&#8221; Salazar, Burgos 2002.<br \/>\n&#8211; Premio Adquisici\u00f3n de Obra en la &#8220;Convocatoria de Adquisici\u00f3n de Patrimonio Art\u00edstico dela Universidad del Pa\u00eds Vasco&#8221; Leioa 2002.<br \/>\n&#8211; Tercer Premio en &#8220;Pintura al Aire Libre&#8221; Txantrea 2003.<br \/>\n&#8211; Segundo Premio en la &#8220;Bienal Navarra Deporte y Arte&#8221; 2003.<br \/>\n&#8211; Premio Adquisici\u00f3n de Obra en el &#8220;Cert\u00e1men de Arte del Campus de \u00c1lava de la UPV&#8221; 2003 &#8211; Segundo Premio en &#8220;El Arte de Volare&#8221; concedido por la BBK y la Compa\u00f1\u00eda A\u00e9rea Volare,Bilbao 2004.<br \/>\n&#8211; Primer Premio en la &#8220;Bienal Internacional de Escultura&#8221; Salazar, Burgos 2004.<br \/>\n&#8211; Tercer Premio en &#8220;Pintura al Aire Libre Lakuntza&#8221; 2006.<br \/>\n&#8211; Premio Ayuda a la Creaci\u00f3n del Gobierno de Navarra 2006.<br \/>\n&#8211; Segundo premio en &#8220;Ciutat de Viladecans de Escultura&#8221; Barcelona 2007.<br \/>\n&#8211; Primer Premio en &#8220;Ciudad de Sabi\u00f1anigo de Escultura 2007&#8221;.<br \/>\n&#8211; Finalista como Segundo Premio y Adquisici\u00f3n de obra en &#8220;Ruta Cinematogr\u00e1fica PedroAlmod\u00f3var&#8221; Castilla La Mancha 2007.<br \/>\n&#8211; Primer Premio Escultura para la Autov\u00eda del Pirineo A21, Venta de Judas 2008.<\/p>\n<p class=\"p6\">&#8211; Premio Beca del Gobierno de Navarra \u00c1rea de Arte e Innovaci\u00f3n 2016.<\/p>\n<p class=\"p6\">&#8211; Finalista Certamen de artes pl\u00e1sticas Museo de Pollensa 2017<\/p>\n<p class=\"p6\">OBRAS EN:<\/p>\n<p class=\"p4\">Ayuntamiento de C\u00e1diz.<\/p>\n<p class=\"p4\">Consejo Navarro de Deporte y Juventud.<br \/>\nParque Escult\u00f3rico Rinc\u00f3n de Ademuz, Valencia.<br \/>\nAyuntamiento de Irurtzun.<br \/>\nUniversidad del Pa\u00eds Vasco (Leioa).<br \/>\nHotel Peruskenea de Beruete.<br \/>\nCampus de Alava de la UPV.<br \/>\nInstituto Navarro de Deporte.<br \/>\nFacultad de Bellas Artes de Leioa.<br \/>\nAyuntamiento de Barasoain.<br \/>\nAyuntamiento de Salazar, Burgos.<br \/>\nAyuntamiento de Lakuntza.<br \/>\nFundaci\u00f3n Espejo, Barcelona.<br \/>\nAyuntamiento de Sabi\u00f1\u00e1nigo.<br \/>\nMuseo \u00c1ngel Orensanz.<\/p>\n<p class=\"p4\">Museo permanente Pedro Almod\u00f3var, Calzada de Calatraba.<br \/>\nTrofeos para el II Concurso Todo Jard\u00edn.<br \/>\nTrofeos para la Mancomunidad de Mairaga.<\/p>\n<p class=\"p4\">Escultura homenaje a Sagrario Alem\u00e1n como miembro de Euskalzaindia.<\/p>\n<p class=\"p4\">Escultura homenaje para el pelotari Aimar Olaizola, inauguraci\u00f3n front\u00f3n de Goizueta.<\/p>\n<p class=\"p4\">Escultura Autob\u00eda A21, venta de Judas.<br \/>\nEscultura y Retablo de la Parroquia Sagrada Familia de Pamplona.<\/p>\n<p class=\"p4\">Trofeos de los Premios Literarios Juul 2016.<\/p>\n<p class=\"p4\">Escultura para la celebraci\u00f3n del Privilegio de la Uni\u00f3n del Ayuntamiento de Pamplona 2016.<\/p>\n<p class=\"p4\">EXPOSICIONES INDIVIDUALES<\/p>\n<p class=\"p4\">&#8211; Galer\u00eda Reciclarte de Pamplona.<\/p>\n<p class=\"p4\">&#8211; Casa de cultura de Lekunberri.<\/p>\n<p class=\"p4\">&#8211; Museo Gustabo de Maeztu, Estella.<\/p>\n<p class=\"p4\">&#8211; Programa Cultur Gobierno de Navarra.<\/p>\n<p class=\"p4\">&#8211; Escuela de Arte de Pamplona.<\/p>\n<p class=\"p4\">&#8211; Palacio Condestable de Pamplona.<\/p>\n<p class=\"p4\">&#8211; Ayuntamiento de Sabi\u00f1anigo, Huesca.<\/p>\n<p class=\"p4\">&#8211; Galer\u00e1 Arte2 de Huarte.<\/p>\n<p class=\"p4\">&#8211; Centro de Arte Contempor\u00e1neo de Huarte 2016.<\/p>\n\n\t\t<\/div>\n\t<\/div>\n<\/div><\/div><\/div><\/div>\n<\/div>","protected":false},"excerpt":{"rendered":"MIKEL OKI\u00d1ENA ETXEBERRIA [1973] Etxaleku, Valle Imotz, Navarra - Teolog\u00eda (CRETA Zaragoza y CESET Pamplona). - Ciclo Superior T\u00e9cnicas Aplicadas a la Escultura en la Escuela de Arte de Pamplona. - Bellas Artes en la Universidad del Pa\u00eds Vasco (Leioa). - Otros estudios sin terminar: cursos de doctorado en Bellas Artes e H\u00aa del Arte, [...]","protected":false},"author":2,"featured_media":0,"parent":0,"menu_order":0,"comment_status":"closed","ping_status":"closed","template":"","meta":{"footnotes":""},"class_list":["post-65","page","type-page","status-publish","hentry"],"yoast_head":"<!-- This site is optimized with the Yoast SEO plugin v22.1 - https:\/\/yoast.com\/wordpress\/plugins\/seo\/ -->\n<title>Curriculum - Mikel Oki\u00f1ena<\/title>\n<meta name=\"robots\" content=\"index, follow, max-snippet:-1, max-image-preview:large, max-video-preview:-1\" \/>\n<link rel=\"canonical\" href=\"https:\/\/xn--mikelokiena-8db.com\/eus\/curriculum\/\" \/>\n<meta property=\"og:locale\" content=\"en_US\" \/>\n<meta property=\"og:type\" content=\"article\" \/>\n<meta property=\"og:title\" content=\"Curriculum - Mikel Oki\u00f1ena\" \/>\n<meta property=\"og:url\" content=\"https:\/\/xn--mikelokiena-8db.com\/eus\/curriculum\/\" \/>\n<meta property=\"og:site_name\" content=\"Mikel Oki\u00f1ena\" \/>\n<meta property=\"article:modified_time\" content=\"2021-01-20T08:43:24+00:00\" \/>\n<meta name=\"twitter:card\" content=\"summary_large_image\" \/>\n<meta name=\"twitter:label1\" content=\"Est. reading time\" \/>\n\t<meta name=\"twitter:data1\" content=\"3 minutua\" \/>\n<script type=\"application\/ld+json\" class=\"yoast-schema-graph\">{\"@context\":\"https:\/\/schema.org\",\"@graph\":[{\"@type\":\"WebPage\",\"@id\":\"https:\/\/xn--mikelokiena-8db.com\/curriculum\/\",\"url\":\"https:\/\/xn--mikelokiena-8db.com\/curriculum\/\",\"name\":\"Curriculum - Mikel Oki\u00f1ena\",\"isPartOf\":{\"@id\":\"https:\/\/xn--mikelokiena-8db.com\/#website\"},\"datePublished\":\"2021-01-20T07:37:07+00:00\",\"dateModified\":\"2021-01-20T08:43:24+00:00\",\"breadcrumb\":{\"@id\":\"https:\/\/xn--mikelokiena-8db.com\/curriculum\/#breadcrumb\"},\"inLanguage\":\"eu\",\"potentialAction\":[{\"@type\":\"ReadAction\",\"target\":[\"https:\/\/xn--mikelokiena-8db.com\/curriculum\/\"]}]},{\"@type\":\"BreadcrumbList\",\"@id\":\"https:\/\/xn--mikelokiena-8db.com\/curriculum\/#breadcrumb\",\"itemListElement\":[{\"@type\":\"ListItem\",\"position\":1,\"name\":\"Portada\",\"item\":\"https:\/\/xn--mikelokiena-8db.com\/eus\/\"},{\"@type\":\"ListItem\",\"position\":2,\"name\":\"Curriculum\"}]},{\"@type\":\"WebSite\",\"@id\":\"https:\/\/xn--mikelokiena-8db.com\/#website\",\"url\":\"https:\/\/xn--mikelokiena-8db.com\/\",\"name\":\"Mikel Oki\u00f1ena\",\"description\":\"Artista pl\u00e1stico\",\"potentialAction\":[{\"@type\":\"SearchAction\",\"target\":{\"@type\":\"EntryPoint\",\"urlTemplate\":\"https:\/\/xn--mikelokiena-8db.com\/?s={search_term_string}\"},\"query-input\":\"required name=search_term_string\"}],\"inLanguage\":\"eu\"}]}<\/script>\n<!-- \/ Yoast SEO plugin. -->","yoast_head_json":{"title":"Curriculum - Mikel Oki\u00f1ena","robots":{"index":"index","follow":"follow","max-snippet":"max-snippet:-1","max-image-preview":"max-image-preview:large","max-video-preview":"max-video-preview:-1"},"canonical":"https:\/\/xn--mikelokiena-8db.com\/eus\/curriculum\/","og_locale":"en_US","og_type":"article","og_title":"Curriculum - Mikel Oki\u00f1ena","og_url":"https:\/\/xn--mikelokiena-8db.com\/eus\/curriculum\/","og_site_name":"Mikel Oki\u00f1ena","article_modified_time":"2021-01-20T08:43:24+00:00","twitter_card":"summary_large_image","twitter_misc":{"Est. reading time":"3 minutua"},"schema":{"@context":"https:\/\/schema.org","@graph":[{"@type":"WebPage","@id":"https:\/\/xn--mikelokiena-8db.com\/curriculum\/","url":"https:\/\/xn--mikelokiena-8db.com\/curriculum\/","name":"Curriculum - Mikel Oki\u00f1ena","isPartOf":{"@id":"https:\/\/xn--mikelokiena-8db.com\/#website"},"datePublished":"2021-01-20T07:37:07+00:00","dateModified":"2021-01-20T08:43:24+00:00","breadcrumb":{"@id":"https:\/\/xn--mikelokiena-8db.com\/curriculum\/#breadcrumb"},"inLanguage":"eu","potentialAction":[{"@type":"ReadAction","target":["https:\/\/xn--mikelokiena-8db.com\/curriculum\/"]}]},{"@type":"BreadcrumbList","@id":"https:\/\/xn--mikelokiena-8db.com\/curriculum\/#breadcrumb","itemListElement":[{"@type":"ListItem","position":1,"name":"Portada","item":"https:\/\/xn--mikelokiena-8db.com\/eus\/"},{"@type":"ListItem","position":2,"name":"Curriculum"}]},{"@type":"WebSite","@id":"https:\/\/xn--mikelokiena-8db.com\/#website","url":"https:\/\/xn--mikelokiena-8db.com\/","name":"Mikel Oki\u00f1ena","description":"Artista pl\u00e1stico","potentialAction":[{"@type":"SearchAction","target":{"@type":"EntryPoint","urlTemplate":"https:\/\/xn--mikelokiena-8db.com\/?s={search_term_string}"},"query-input":"required name=search_term_string"}],"inLanguage":"eu"}]}},"_links":{"self":[{"href":"https:\/\/xn--mikelokiena-8db.com\/eus\/wp-json\/wp\/v2\/pages\/65","targetHints":{"allow":["GET"]}}],"collection":[{"href":"https:\/\/xn--mikelokiena-8db.com\/eus\/wp-json\/wp\/v2\/pages"}],"about":[{"href":"https:\/\/xn--mikelokiena-8db.com\/eus\/wp-json\/wp\/v2\/types\/page"}],"author":[{"embeddable":true,"href":"https:\/\/xn--mikelokiena-8db.com\/eus\/wp-json\/wp\/v2\/users\/2"}],"replies":[{"embeddable":true,"href":"https:\/\/xn--mikelokiena-8db.com\/eus\/wp-json\/wp\/v2\/comments?post=65"}],"version-history":[{"count":9,"href":"https:\/\/xn--mikelokiena-8db.com\/eus\/wp-json\/wp\/v2\/pages\/65\/revisions"}],"predecessor-version":[{"id":77,"href":"https:\/\/xn--mikelokiena-8db.com\/eus\/wp-json\/wp\/v2\/pages\/65\/revisions\/77"}],"wp:attachment":[{"href":"https:\/\/xn--mikelokiena-8db.com\/eus\/wp-json\/wp\/v2\/media?parent=65"}],"curies":[{"name":"wp","href":"https:\/\/api.w.org\/{rel}","templated":true}]}}